. Calculate a(-64).
-5
Let y(j) = -j**3 + 43*j**2 - 247*j - 527. Give y(9).
4
Let f(x) = -278*x - 11065. Determine f(-40).
55
Let b(y) = y**2 + 223*y + 2516. Give b(-211).
-16
Let j(o) = -4*o**2 - 564*o + 1040. Calculate j(-143).
-104
Let k(c) = 223*c**2 - 20689*c - 4673. Give k(93).
-23
Let f(q) = -165*q + 4484. Determine f(23).
689
Let b(y) = -8379*y + 12177. What is b(2)?
-4581
Let g(m) = -1170*m + 3277. Calculate g(3).
-233
Let j(g) = -51*g**2 - 74*g + 18. What is j(6)?
-2262
Let m(w) = -60*w**2 + 1679*w + 5053. What is m(-3)?
-524
Let k(c) = -c**3 + 24*c**2 + 752*c + 832. Calculate k(-17).
-103
Let s(b) = 4*b**3 + 15*b**2 - 268*b - 57. Give s(-10).
123
Let w(g) = -64*g**2 - 1230*g + 13935. Give w(8).
-1
Let m(y) = -y**2 + 205*y - 9244. Calculate m(137).
72
Let r(x) = -9*x**2 - 192*x - 532. Calculate r(-3).
-37
Let y(o) = -25203*o + 125756. What is y(5)?
-259
Let z(x) = -67346*x - 471230. Determine z(-7).
192
Let f(r) = -539*r + 5958. Calculate f(11).
29
Let y(a) = a**2 - 4975*a + 2398840. Give y(541).
46
Let c(x) = -x**3 + 29*x**2 + 183*x - 611. Give c(34).
-169
Let j(o) = -84*o + 330. What is j(3)?
78
Let b(g) = g**3 + 6*g**2 - 3131*g - 18882. Give b(-6).
-96
Let u(a) = -a**3 - 522*a**2 + 3712*a - 13. Give u(7).
50
Let v(h) = 1929*h - 196683. Calculate v(102).
75
Let d(k) = 8*k**3 - 4427*k**2 + 1810*k - 83471. Calculate d(553).
32
Let j(q) = -66*q - 4242. Determine j(-47).
-1140
Let p(j) = -6*j**2 + 244*j - 2421. Calculate p(17).
-7
Let z(l) = -l**3 - 428*l**2 - 10444*l + 3212. Determine z(-402).
-4
Let m(t) = 2*t**2 - 1587*t + 44308. What is m(29)?
-33
Let i(o) = 285*o + 11543. Calculate i(-40).
143
Let o(s) = -s**2 + 2644*s - 1183706. What is o(571)?
-23
Let f(s) = -55*s + 16684. Calculate f(276).
1504
Let k(q) = -q**2 - 204*q - 7392. What is k(-41)?
-709
Let n(f) = -18*f**3 - 484*f**2 + 98*f + 10. Give n(-27).
-1178
Let d(f) = 19*f**2 - 2320*f + 4786. Determine d(120).
-14
Let n(y) = -57*y**3 - 6*y**2 - 1156*y + 1161. Give n(1).
-58
Let o(g) = g**3 - 26*g**2 + 345*g - 1423. What is o(6)?
-73
Let n(z) = z**3 + 80*z**2 + 1102*z + 3946. What is n(-11)?
173
Let m(s) = -s**2 - 9328*s - 1195743. What is m(-130)?
-3
Let f(v) = v**2 + 994*v + 226010. Determine f(-352).
26
Let t(x) = 215*x - 1349. Give t(9).
586
Let m(l) = 45654*l - 730473. Calculate m(16).
-9
Let a(i) = 109*i**2 + 11994*i - 34. What is a(-110)?
-474
Let y(m) = 5*m**3 - 14*m**2 - 33*m - 21. Give y(-2).
-51
Let s(t) = -1680*t + 1602690. What is s(954)?
-30
Let h(a) = 5389*a + 291016. Determine h(-54).
10
Let z(x) = 193*x - 25245. What is z(131)?
38
Let q(b) = -1278*b - 365545. Calculate q(-286).
-37
Let k(j) = j**2 - 9778*j + 78170. Determine k(8).
10
Let v(f) = f**3 - 126*f**2 + 2066*f + 14596. Calculate v(105).
1
Let a(j) = 17657*j + 2330722. Calculate a(-132).
-2
Let p(n) = 4*n**3 - 101*n**2 - 81*n - 250. Calculate p(26).
-328
Let g(l) = -1051*l - 22041. Give g(-21).
30
Let h(t) = 4098*t + 262258. Determine h(-64).
-14
Let z(x) = -4*x**2 - 607*x - 20112. Calculate z(-101).
391
Let m(z) = -124*z**2 - 128*z + 571. Give m(4).
-1925
Let x(s) = 3*s**3 - 119*s**2 - 71*s + 1327. What is x(40)?
87
Let h(q) = q**3 + 21*q**2 + 47*q - 135. What is h(-14)?
579
Let k(r) = -215*r + 8041. Give k(26).
2451
Let k(s) = 20*s**2 - 12998*s - 12999. Determine k(-1).
19
Let g(v) = -699287*v + 41957217. Determine g(60).
-3
Let q(m) = -102*m + 2205. Calculate q(23).
-141
Let u(s) = 3*s**2 - 1030*s - 135721. Calculate u(445).
4
Let p(a) = -a**2 - 1513*a - 105106. What is p(-73)?
14
Let f(a) = 187*a + 48274. Calculate f(-258).
28
Let j(o) = -983*o**2 + 46212*o - 55. What is j(47)?
462
Let l(q) = -2689*q**2 - 250*q - 5. Determine l(-1).
-2444
Let p(d) = -16*d**2 - 207*d + 1867. What is p(-19)?
24
Let s(j) = -4*j**2 - 1312*j - 10. Give s(0).
-10
Let l(k) = -k**2 - 188*k + 18133. Determine l(-258).
73
Let k(d) = 3*d**3 - 19*d**2 + 1915*d + 1933. Calculate k(-1).
-4
Let c(y) = -y**2 - 134*y + 2837. Determine c(-134).
2837
Let a(y) = y**2 + 623*y + 96098. What is a(-288)?
-382
Let s(i) = 2*i**3 - 510*i**2 - 40*i + 10193. Determine s(255).
-7
Let j(a) = a**3 - 102*a**2 - 639*a - 2107. Determine j(108).
-1135
Let i(w) = w**3 - 559*w**2 - 31156*w - 2338. Determine i(-51).
8
Let d(g) = -2662*g - 50508. Give d(-19).
70
Let r(y) = -5*y**2 + 5750*y - 23018. Determine r(4).
-98
Let b(q) = -43112*q + 6811709. Calculate b(158).
13
Let h(f) = 74709*f + 747084. What is h(-10)?
-6
Let i(l) = 2*l**3 + 1209*l**2 + 225*l - 1. Calculate i(0).
-1
Let v(y) = -94*y**2 + 2295*y + 3896. Give v(26).
22
Let y(w) = -4340*w + 3880. Calculate y(1).
-460
Let b(v) = -208*v + 36360. What is b(172)?
584
Let m(h) = -h**3 + 234*h**2 - 8214*h - 216. What is m(43)?
-259
Let q(t) = -239*t - 24634. Calculate q(-101).
-495
Let r(j) = -j**3 + 16*j**2 - 20*j - 343. Determine r(12).
-7
Let g(w) = -633*w**3 - 8*w**2 + 109*w + 240. What is g(-2)?
5054
Let j(o) = -90*o**2 + 4532*o - 18112. Determine j(4).
-1424
Let j(f) = -6*f**3 + 38*f**2 - 22*f + 80. Calculate j(6).
20
Let y(p) = p**3 - 36*p**2 + 49*p - 583. Determine y(35).
-93
Let k(a) = 8*a**3 - 130*a**2 + 2934*a - 46438. Calculate k(16).
-6
Let w(f) = 8219*f - 68380. Determine w(8).
-2628
Let l(q) = 2*q**3 + 285*q**2 - 3544*q - 323. What is l(-154)?
-15
Let w(k) = -149*k**2 + 161*k - 6. Determine w(1).
6
Let g(z) = z**2 + 52*z - 1213. Determine g(21).
320
Let q(a) = -48*a**2 + 513*a - 77. Determine q(10).
253
Let d(y) = 2287*y - 14063. Give d(6).
-341
Let p(n) = 3972*n - 798369. Give p(201).
3
Let x(v) = -16605*v - 149965. Determine x(-9).
-520
Let p(g) = 37*g**2 + 2337*g + 405. Give p(-63).
27
Let p(q) = 4*q**2 + 1533*q - 20852. Calculate p(13).
-247
Let g(d) = d**3 - 5*d**2 + 102*d + 101. What is g(-1)?
-7
Let c(w) = 2*w**3 - 50*w**2 + 152*w + 23. What is c(3)?
83
Let m(b) = -1014*b + 2091. What is m(2)?
63
Let k(n) = 20*n**2 + 615*n + 1008. Give k(-29).
-7
Let a(p) = -39871*p - 518321. Calculate a(-13).
2
Let z(t) = 76*t**2 + 6143*t - 13698. Give z(-83).
-3
Let a(q) = 59784*q + 239157. What is a(-4)?
21
Let x(i) = 13*i**2 + 314*i + 908. What is x(-22)?
292
Let r(n) = -13*n**2 + 97*n + 70. Give r(0).
70
Let o(z) = -z**2 - 85*z - 2276. Determine o(-38).
-490
Let x(i) = -155*i - 24624. What is x(-159)?
21
Let v(y) = 2*y**3 - 35*y**2 + 119*y - 120. Calculate v(3).
-24
Let o(h) = -h**2 - 110*h + 5375. Determine o(35).
300
Let x(r) = r**2 - 39*r + 452. What is x(39)?
452
Let f(n) = 299071*n - 897219. What is f(3)?
-6
Let o(p) = 16*p**2 - 540*p - 5951. What is o(-11)?
1925
Let q(i) = -4*i**3 - 150*i**2 + 105*i + 1168. Calculate q(-38).
66
Let d(u) = u**3 + 3*u**2 - 213*u - 491. What is d(-15)?
4
Let c(s) = 47*s**3 - 2537*s**2 - 37*s - 852. Give c(54).
66
Let u(x) = -11*x**2 - 204*x + 1493. Give u(6).
-127
Let m(r) = -11*r**3 + 9*r**2 + 40*r + 62. Give m(-4).
750
Let b(f) = f**3 + 89*f**2 - 170*f + 824. Determine b(-91).
-268
Let q(t) = 2*t**2 - 5527*t - 55755. Determine q(-10).
-285
Let r(j) = 432195*j - 2160990. Determine r(5).
-15
Let d(h) = -6*h**2 + 108*h - 576. What is d(10)?
-96
Let a(g) = 12*g**3 - 10*g**2 + 122*g - 185. What is a(2)?
115
Let s(a) = -a**3 - 4*a**2 - 133*a - 734. Give s(-5).
-44
Let l(j) = -1609*j + 91591. Calculate l(57).
-122
Let l(f) = -f**3 + 58*f**2 - 773*f + 389. Determine l(38).
-105
Let t(w) = 6*w**3 + 7*w**2 - 66*w + 21. What is t(-7)?
-1232
Let b(i) = -7424*i + 133637. What is b(18)?
5
Let b(n) = n**3 + 13*n**2 - 150*n - 1388. What is b(-19)?
-704
Let z(b) = b**3 + 220*b**2 - 1130*b + 27. What is z(5)?
2
Let p(d) = -2*d**3 - 57*d**2 + 1427*d - 49. What is p(16)?
-1
Let y(l) = 24*l**2 - 2683*l - 688. Calculate y(112).
-128
Let o(y) = 12954*y - 142491. What is o(11)?
3
Let c(h) = 101792*h + 916186. Determine c(-9).
58
Let i(c) = 15051*c - 2287755. Give i(152).
-3
Let l(o) = 77*o**3 + 76*o**2 - 80*o + 3. What is l(1)?
76
Let d(o) = o**3 - 1551*o**2 - 3100*o + 11. Determine d(-2).
-1
Let i(a) = 2676*a - 3280776. Give i(1226).
0
Let g(m) = -4*m**2 + 578*m - 8677. Give g(17).
-7
Let r(o) = 3*o**3 + 25*o**2 + 1189*o - 2482. What is r(2)?
20
Let m(o) = -97534*o + 2048201. What is m(21)?
-13
Let m(v) = 1667*v - 316727. Calculate m(190).
3
Let a(n) = 18098*n + 9953901. Give a(-550).
1
Let w(d) = -18*d**2 + 6564*d - 4368. Calculate w(364).
0
Let p(r) = 390*r - 4311. Calc